{"id":119,"date":"2016-04-02T09:09:57","date_gmt":"2016-04-02T07:09:57","guid":{"rendered":"http:\/\/ropits.net\/castellcir\/?page_id=119"},"modified":"2016-04-02T20:33:06","modified_gmt":"2016-04-02T18:33:06","slug":"com-arribar","status":"publish","type":"page","link":"https:\/\/ropits.net\/castellcir\/com-arribar\/","title":{"rendered":"Com arribar"},"content":{"rendered":"<p>Castellcir est\u00e0 situat a la comarca del Moian\u00e9s a 45 km de Barcelona, 35 km de Sabadell i a 10 km de Moi\u00e0.<\/p>\n<p>En cotxe, des de la zona de Barcelona, des de la AP-7 o la C-33 agafarem la C-59 direcci\u00f3 Caldes de Montbui, continuarem fins Castellter\u00e7ol i aqu\u00ed la deixarem per fer 3 km m\u00e9s fins Castellcir.<\/p>\n<p>En transport p\u00fablic hi ha <a href=\"http:\/\/www.sagales.com\/\" target=\"_blank\">servei d&#8217;autobusos proporcionat per Sagales<\/a><\/p>\n<p><iframe loading=\"lazy\" style=\"border: 0;\" src=\"https:\/\/www.google.com\/maps\/embed?pb=!1m18!1m12!1m3!1d227012.66951349963!2d1.931262864986911!3d41.618545863988366!2m3!1f0!2f0!3f0!3m2!1i1024!2i768!4f13.1!3m3!1m2!1s0x12a4dd6071e2b1e9%3A0x18334de0dfabff13!2sCas+Castellcir+SL!5e0!3m2!1sen!2ses!4v1459621012262\" width=\"450\" height=\"900\" frameborder=\"0\" allowfullscreen=\"allowfullscreen\"><\/iframe><\/p>\n","protected":false},"excerpt":{"rendered":"<p>Castellcir est\u00e0 situat a la comarca del Moian\u00e9s a 45 km de Barcelona, 35 km de Sabadell i a 10 km de Moi\u00e0. En cotxe, des de la zona de Barcelona, des de la AP-7 o la C-33 agafarem la C-59 direcci\u00f3 Caldes de Montbui, continuarem fins Castellter\u00e7ol i aqu\u00ed la deixarem per fer 3 &hellip; <a href=\"https:\/\/ropits.net\/castellcir\/com-arribar\/\" class=\"more-link\">Continue reading <span class=\"screen-reader-text\">Com arribar<\/span> <span class=\"meta-nav\">&rarr;<\/span><\/a><\/p>\n","protected":false},"author":1,"featured_media":0,"parent":0,"menu_order":0,"comment_status":"closed","ping_status":"closed","template":"","meta":{"jetpack_post_was_ever_published":false,"footnotes":""},"class_list":["post-119","page","type-page","status-publish","hentry"],"jetpack_sharing_enabled":true,"jetpack_shortlink":"https:\/\/wp.me\/P7pcWi-1V","jetpack-related-posts":[],"_links":{"self":[{"href":"https:\/\/ropits.net\/castellcir\/wp-json\/wp\/v2\/pages\/119","targetHints":{"allow":["GET"]}}],"collection":[{"href":"https:\/\/ropits.net\/castellcir\/wp-json\/wp\/v2\/pages"}],"about":[{"href":"https:\/\/ropits.net\/castellcir\/wp-json\/wp\/v2\/types\/page"}],"author":[{"embeddable":true,"href":"https:\/\/ropits.net\/castellcir\/wp-json\/wp\/v2\/users\/1"}],"replies":[{"embeddable":true,"href":"https:\/\/ropits.net\/castellcir\/wp-json\/wp\/v2\/comments?post=119"}],"version-history":[{"count":9,"href":"https:\/\/ropits.net\/castellcir\/wp-json\/wp\/v2\/pages\/119\/revisions"}],"predecessor-version":[{"id":178,"href":"https:\/\/ropits.net\/castellcir\/wp-json\/wp\/v2\/pages\/119\/revisions\/178"}],"wp:attachment":[{"href":"https:\/\/ropits.net\/castellcir\/wp-json\/wp\/v2\/media?parent=119"}],"curies":[{"name":"wp","href":"https:\/\/api.w.org\/{rel}","templated":true}]}}